In base 13, what is 111 + 56?
167
In base 15, what is -22 + 15?
-c
In base 12, what is -3546 + 2?
-3544
In base 12, what is -12 + -22?
-34
In base 2, what is 0 - -101010010?
101010010
In base 14, what is -123 - 0?
-123
In base 9, what is 2 + 36?
38
In base 2, what is 100001 + -110000?
-1111
In base 13, what is -17 - -2b?
14
In base 10, what is -35 + -5?
-40
In base 16, what is -13e + -4?
-142
In base 12, what is -5 + 95?
90
In base 11, what is 2 + 45?
47
In base 14, what is 2bb - 13?
2a8
In base 16, what is -4 - ca?
-ce
In base 8, what is 57 - -140?
217
In base 5, what is -112 - 3?
-120
In base 3, what is -102212 - 1220?
-111202
In base 12, what is 30 + 34?
64
In base 13, what is 8 - -c0b?
c16
In base 11, what is 36 + -18?
19
In base 9, what is -35 + 682?
646
In base 9, what is -3 + 306?
303
In base 2, what is -100001100 - -100?
-100001000
In base 13, what is 29 - 23?
6
In base 13, what is -481 - -6?
-478
In base 2, what is 1001101111 - 110?
1001101001
In base 16, what is -7 + -9a?
-a1
In base 12, what is 50a6 + 5?
50ab
In base 3, what is 11000 - 0?
11000
In base 3, what is 11 - 100021021?
-100021010
In base 5, what is -1302430 + 4?
-1302421
In base 12, what is -4 + 153?
14b
In base 6, what is -31011 + -5?
-31020
In base 13, what is 4 + b4b?
b52
In base 3, what is 120020 + 1?
120021
In base 6, what is -132000 + -5?
-132005
In base 12, what is 6 + -113?
-109
In base 4, what is -200333 + 0?
-200333
In base 7, what is 13 - -3204?
3220
In base 14, what is 14 - 539?
-525
In base 4, what is 10 + -301?
-231
In base 8, what is -1 - 753?
-754
In base 3, what is 1222012202 - -11?
1222012220
In base 3, what is 212211 - -20?
220001
In base 6, what is 222 + -14?
204
In base 5, what is 10134 - 0?
10134
In base 8, what is 2303 + -2?
2301
In base 15, what is 46 - -b?
52
In base 11, what is -3 - 4a6?
-4a9
In base 2, what is 0 - 100010?
-100010
In base 10, what is -5 - -28?
23
In base 14, what is 15 + 2?
17
In base 3, what is -1 - -1012?
1011
In base 15, what is -6 + -468?
-46e
In base 2, what is 1010100 - -10?
1010110
In base 11, what is -31144 - -1?
-31143
In base 10, what is -5 + -16?
-21
In base 13, what is 0 - 260?
-260
In base 6, what is 2253 + -21?
2232
In base 9, what is 51 + -1?
50
In base 15, what is 3 + 5c?
60
In base 8, what is -3 + -66?
-71
In base 5, what is -2 - 2204?
-2211
In base 6, what is 410 - 13?
353
In base 9, what is 2 - 277?
-275
In base 12, what is 498 - 10?
488
In base 15, what is 0 - -39?
39
In base 4, what is 11203 + -112?
11031
In base 4, what is 1222323 - -3?
1222332
In base 10, what is 0 + 554?
554
In base 16, what is 4 + 69e?
6a2
In base 9, what is -16 + 56?
40
In base 4, what is -12 + -123?
-201
In base 13, what is 0 - -2787?
2787
In base 15, what is -18 - 3?
-1b
In base 14, what is 4 + -20a?
-206
In base 10, what is -1 - 62?
-63
In base 7, what is -4 + 3122?
3115
In base 3, what is 12 - -1000021?
1000110
In base 3, what is 22 + 10101?
10200
In base 3, what is 110002 + -1?
110001
In base 15, what is -2229 + -5?
-222e
In base 13, what is 9 - -181?
18a
In base 10, what is -141 - -30?
-111
In base 7, what is -4 + -121?
-125
In base 16, what is 3 - c9f?
-c9c
In base 9, what is 1 - -31?
32
In base 3, what is 1 - 12011122?
-12011121
In base 9, what is 478 - 1?
477
In base 14, what is 40d + -16?
3d7
In base 6, what is -2 + 51?
45
In base 8, what is -60 - 165?
-245
In base 5, what is 11332 - 40?
11242
In base 6, what is -54 + 2?
-52
In base 13, what is -3 - 127?
-12a
In base 3, what is -10 + -211?
-221
In base 3, what is -20 + 202?
112
In base 6, what is -5 + 2202?
2153
In base 3, what is 0 - -2000?
2000
In base 3, what is -2 + -1222?
-2001
In base 5, what is 113 - -42?
210
In base 4, what is -130 + 100?
-30
In base 8, what is -6 - -12?
4
In base 5, what is -3 - 1201?
-1204
In base 13, what is 2a + -3?
27
In base 7, what is 0 - 4322?
-4322
In base 15, what is 3 + 76?
79
In base 13, what is 18 + -13?
5
In base 2, what is -11101010 + -111011?
-100100101
In base 14, what is -3 - -a92?
a8d
In base 4, what is 11 + 1200?
1211
In base 3, what is -1012 - -102?
-210
In base 12, what is -5 - 5b?
-64
In base 8, what is 2 + 2?
4
In base 9, what is 1 - -1081?
1082
In base 9, what is 155 + 3?
158
In base 5, what is 220 + -112?
103
In base 15, what is 239 + 1?
23a
In base 12, what is 269 + -2?
267
In base 6, what is 3122 + -4?
3114
In base 16, what is 2 + 2f?
31
In base 4, what is -33 + -1?
-100
In base 14, what is 1b8 + 0?
1b8
In base 14, what is 0 + -11?
-11
In base 3, what is 0 - -21120?
21120
In base 14, what is -203 - -2?
-201
In base 14, what is c - 25?
-17
In base 8, what is 5 + -655?
-650
In base 12, what is 5 - -a?
13
In base 11, what is -484 - -1?
-483
In base 8, what is -171 - -354?
163
In base 4, what is -12 + 3123?
3111
In base 6, what is 11153 - 2?
11151
In base 16, what is 61 - -3?
64
In base 5, what is 2 - -3224?
3231
In base 2, what is 101 - 110011101?
-110011000
In base 14, what is 192 + -2?
190
In base 2, what is 10111111100111 + -10?
10111111100101
In base 9, what is -5 + 50?
44
In base 3, what is 2001 - -11?
2012
In base 13, what is 5 - 162?
-15a
In base 12, what is 2 - 16?
-14
In base 14, what is -1c0 - -1?
-1bd
In base 16, what is -1e + -13?
-31
In base 9, what is 1 + -1537?
-1536
In base 3, what is -102 + 2102?
2000
In base 8, what is 10 + -5?
3
In base 15, what is -b - -21?
15
In base 15, what is -4a + 35?
-15
In base 11, what is -3 - -23?
20
In base 13, what is 2 - 14?
-12
In base 8, what is 6 + 0?
6
In base 12, what is 14 - 1?
13
In base 14, what is -2 + 2123?
2121
In base 10, what is 1951 - 3?
1948
In base 15, what is 4 + 6?
a
In base 8, what is -5 + -7146?
-7153
In base 13, what is 22b2 - -5?
22b7
In base 3, what is -12 + 201?
112
In base 3, what is 1112012 - 10?
1112002
In base 3, what is -220 + -101?
-1021
In base 10, what is 367 - -1?
368
In base 4, what is -3 - 1113?
-1122
In base 14, what is 5 - 22a?
-225
In base 9, what is 4 - -400?
404
In base 5, what is 40 + 11210?
11300
In base 4, what is 2 + -2201?
-2133
In base 9, what is 234 + 1?
235
In base 4, what is 110 + 12?
122
In base 8, what is 102 - 2?
100
In base 2, what is -11 + -1110111?
-1111010
In base 6, what is 15 - -114?
133
In base 15, what is 5 + -1946?
-1941
In base 15, what is -105 + -3a?
-140
In base 3, what is -20120101 + 1?
-20120100
In base 12, what is 6 - 1709?
-1703
In base 11, what is 1306 - 1?
1305
In base 8, what is -14 + 522?
506
In base 5, what is -2 - -114202?
114200
In base 13, what is -5 - 18?
-20
In base 3, what is -112 - -10?
-102
In base 2, what is 1111 + -11?
1100
In base 16, what is 21 - 1a?
7
In base 14, what is 29 + 3?
2c
In base 13, what is 98 - -b0?
178
In base 12, what is -5 - -291?
288
In base 16, what is -e4 - -13?
-d1
In base 10, what is -11800 + 3?
-11797
In base 13, what is 13696 + 3?
13699
In base 4, what is 23 - -22?
111
In base 5, what is 100 - -2?
102
In base 13, what is 1 + 14?
15
In base 10, what is 6 - -438?
444
In base 3, what is 12 - 12021?
-12002
In base 2, what is -11 - -100101?
100010
In base 10, what is -4664 - -2?
-4662
In base 2, what is 1100 + -1?
1011
In base 10, what is -11 - 56?
-67
In base 4, what is -2 + -3300?
-3302
In base 12, what is -16 - -397?
381
In base 11, what is 3 - 7?
-4
In base 3, what is 11 - -22?
110
In base 11, what is -4 + a0?
97
In base 12, what is 38 - -1?
39
In base 8, what is 52 + -37?
13
In base 4, what is 2 - 1002?
-1000
In base 16, what is -b + -3ef?
-3fa
In base 4, what is 130 + 12113?
12303
In base 6, what is 13044 - 11?
13033
In base 10, what is 4 + 2870?
2874
In base 7, what is 21 - -5?
26
In base 11, what is 126 + -7?
11a
In base 2, what is -1011 + 110?
-101
In base 14, what is -12 + 3?
-d
In base 10, what is -4 - -216?
212
In base 7, what is 1603 - -3?
1606
In base 16, what is 2 + -5fb?
-5f9
In base 14, what is 5 + 1648?
164d
In base 16, what is -8 + -52?
-5a
In base 10, what is -24083 + 5?
-24078
In base 4, what is -20 - -2221?
2201
In base 11, what is -86 - 4?
-8a
In base 2, what is 100 - 1001111?
-1001011
In base 10, what is -1451 - -2?
-1449
In base 14, what is 12 - -2?
14
In base 7, what is 0 + 122?
122
In base 4, what is -1302 - -31?
-1211
In base 16, what is -128 + -1?
-129
In base 5, what is -1 - 230?
-231
In base 10, what is -4 + -7?
-11
In base 8, what is -122 + -5?